90941?
9
What is the tens digit of 108595275?
7
What is the hundreds digit of 4475438285?
2
What is the tens digit of 19601788?
8
What is the units digit of 56306933?
3
What is the thousands digit of 38443320?
3
What is the thousands digit of 1203224093?
4
What is the tens digit of 1760326293?
9
What is the thousands digit of 29596783?
6
What is the ten thousands digit of 1099956952?
5
What is the hundred millions digit of 2496218477?
4
What is the ten millions digit of 650047682?
5
What is the ten millions digit of 424250060?
2
What is the hundreds digit of 133802720?
7
What is the thousands digit of 251075082?
5
What is the thousands digit of 527318731?
8
What is the thousands digit of 644605686?
5
What is the tens digit of 3582234623?
2
What is the ten millions digit of 25432080?
2
What is the ten millions digit of 4082343710?
8
What is the hundreds digit of 3705041?
0
What is the tens digit of 40754589?
8
What is the hundreds digit of 234774944?
9
What is the ten thousands digit of 1055181316?
8
What is the hundred thousands digit of 2796070713?
0
What is the thousands digit of 3823477?
3
What is the thousands digit of 1164813634?
3
What is the hundreds digit of 482358237?
2
What is the units digit of 5366934?
4
What is the tens digit of 3709796138?
3
What is the tens digit of 451302195?
9
What is the millions digit of 289152588?
9
What is the millions digit of 55331280?
5
What is the ten thousands digit of 315110005?
1
What is the millions digit of 22148097?
2
What is the millions digit of 15469485?
5
What is the hundred thousands digit of 2390464788?
4
What is the hundred thousands digit of 93388522?
3
What is the units digit of 63789216?
6
What is the hundreds digit of 30900435?
4
What is the hundred thousands digit of 345856645?
8
What is the hundred thousands digit of 2109148667?
1
What is the hundred thousands digit of 20613004?
6
What is the ten millions digit of 92207067?
9
What is the ten millions digit of 534937842?
3
What is the millions digit of 114105861?
4
What is the units digit of 37787145?
5
What is the hundred thousands digit of 1664442697?
4
What is the millions digit of 230297925?
0
What is the hundreds digit of 655021977?
9
What is the tens digit of 89394907?
0
What is the tens digit of 301579510?
1
What is the units digit of 62693953?
3
What is the thousands digit of 338762562?
2
What is the millions digit of 814393024?
4
What is the ten thousands digit of 68455548?
5
What is the hundred millions digit of 498004828?
4
What is the hundreds digit of 152375786?
7
What is the millions digit of 1818493906?
8
What is the ten millions digit of 38742111?
3
What is the hundred millions digit of 150772920?
1
What is the ten thousands digit of 4300791737?
9
What is the hundred thousands digit of 3072323877?
3
What is the hundred thousands digit of 41823625?
8
What is the ten thousands digit of 483705166?
0
What is the hundreds digit of 973909348?
3
What is the ten thousands digit of 4572284951?
8
What is the tens digit of 1619102778?
7
What is the ten millions digit of 941395753?
4
What is the ten millions digit of 30381493?
3
What is the hundred thousands digit of 13299499?
2
What is the units digit of 386489958?
8
What is the units digit of 68758920?
0
What is the units digit of 114101948?
8
What is the ten millions digit of 397006677?
9
What is the hundred millions digit of 201987107?
2
What is the hundred millions digit of 161819601?
1
What is the tens digit of 569072096?
9
What is the tens digit of 20012198?
9
What is the ten thousands digit of 3141189?
4
What is the thousands digit of 103104437?
4
What is the hundreds digit of 73209086?
0
What is the millions digit of 138431477?
8
What is the tens digit of 25520592?
9
What is the thousands digit of 68804694?
4
What is the tens digit of 112849303?
0
What is the millions digit of 557929217?
7
What is the tens digit of 191534472?
7
What is the thousands digit of 57635329?
5
What is the millions digit of 10593082?
0
What is the units digit of 71738348?
8
What is the hundreds digit of 637757584?
5
What is the ten millions digit of 12147719?
1
What is the thousands digit of 185639631?
9
What is the units digit of 773292481?
1
What is the ten thousands digit of 34911770?
1
What is the thousands digit of 936986753?
6
What is the hundred thousands digit of 251607515?
6
What is the tens digit of 418621592?
9
What is the units digit of 252441617?
7
What is the hundred millions digit of 127113693?
1
What is the ten thousands digit of 65089888?
8
What is the hundred millions digit of 1449186324?
4
What is the units digit of 329284248?
8
What is the ten thousands digit of 924488046?
8
What is the hundred millions digit of 241013023?
2
What is the thousands digit of 92739982?
9
What is the ten millions digit of 2861283509?
6
What is the units digit of 1040935154?
4
What is the hundred millions digit of 3728858684?
7
What is the tens digit of 1277747418?
1
What is the units digit of 32230697?
7
What is the hundreds digit of 85131669?
6
What is the millions digit of 157876186?
7
What is the units digit of 947733321?
1
What is the units digit of 5527949339?
9
What is the ten thousands digit of 48151006?
5
What is the hundred thousands digit of 30826614?
8
What is the ten millions digit of 272873303?
7
What is the hundreds digit of 99462912?
9
What is the hundred millions digit of 2393210891?
3
What is the hundred millions digit of 3803449747?
8
What is the ten millions digit of 74170596?
7
What is the billions digit of 2524806515?
2
What is the thousands digit of 24037019?
7
What is the millions digit of 9402726827?
2
What is the thousands digit of 272573027?
3
What is the tens digit of 2713000?
0
What is the tens digit of 275194611?
1
What is the thousands digit of 11216230?
6
What is the hundreds digit of 3221235976?
9
What is the ten thousands digit of 2754390?
5
What is the units digit of 81985155?
5
What is the tens digit of 166299441?
4
What is the units digit of 637785934?
4
What is the hundred millions digit of 790676562?
7
What is the hundred millions digit of 217323923?
2
What is the hundred thousands digit of 64934369?
9
What is the thousands digit of 49462911?
2
What is the hundred thousands digit of 164748886?
7
What is the billions digit of 1175684866?
1
What is the tens digit of 37063126?
2
What is the hundred thousands digit of 19915934?
9
What is the hundred millions digit of 666891266?
6
What is the units digit of 28874897?
7
What is the ten millions digit of 78701142?
7
What is the ten millions digit of 41691870?
4
What is the thousands digit of 130165876?
5
What is the ten thousands digit of 5703559?
0
What is the hundred thousands digit of 61614297?
6
What is the millions digit of 261399250?
1
What is the billions digit of 1639383199?
1
What is the units digit of 67283241?
1
What is the ten millions digit of 39517250?
3
What is the hundreds digit of 19985990?
9
What is the hundred thousands digit of 41851031?
8
What is the ten thousands digit of 155287987?
8
What is the millions digit of 9549075?
9
What is the millions digit of 730600603?
0
What is the ten millions digit of 735692779?
3
What is the units digit of 146437565?
5
What is the millions digit of 3172406020?
2
What is the billions digit of 1445044410?
1
What is the hundred thousands digit of 44217360?
2
What is the tens digit of 43241904?
0
What is the ten millions digit of 778787803?
7
What is the thousands digit of 554393358?
3
What is the hundreds digit of 68799480?
4
What is the thousands digit of 11340113?
0
What is the hundred millions digit of 4511254673?
5
What is the tens digit of 6379845?
4
What is the thousands digit of 272546473?
6
What is the millions digit of 1292257041?
2
What is the units digit of 148010644?
4
What is the millions digit of 78777352?
8
What is the units digit of 53918038?
8
What is the millions digit of 18456511?
8
What is the hundred millions digit of 1081537778?
0
What is the thousands digit of 556869459?
9
What is the hundreds digit of 62668008?
0
What is the tens digit of 98903809?
0
What is the hundred thousands digit of 842467407?
4
What is the tens digit of 607300508?
0
What is the ten millions digit of 79075987?
7
What is the units digit of 186930786?
6
What is the t